, 19, 83
Suppose 3*r - 77*x + 84*x = 20583, x + 3 = 0. List the prime factors of r.
2, 17, 101
Let k(s) = -5*s**3 + 2*s**2 - s + 6. Let x be k(3). Let n(o) = -10*o + 73. Let z be n(7). List the prime factors of 7/(-42)*z + x/(-4).
2, 7
Let v(a) = a**3 - 6*a**2 - 5*a - 43. Let b be v(11). Let u = b - 308. List the prime factors of u.
199
Suppose 0 = -5*o + z - 434, -3*o + 4*z - 209 - 48 = 0. Suppose -l - 3*k - 40 = 0, 2*l + 2*k + 96 = -0*l. Let u = l - o. What are the prime factors of u?
5, 7
Let f(x) = -80*x + 2964. What are the prime factors of f(21)?
2, 3, 107
Suppose 3*c + 10 = 16. Suppose c*u = 1423 - 439. What are the prime factors of u?
2, 3, 41
Suppose -5*j + 51 + 129 = 0. Suppose -2*v + j = 7*v. Suppose v*i + 5*s = 445, -3*s = 5*i - 5*s - 581. List the prime factors of i.
5, 23
Suppose 4*q - 5*q = m - 1520, 5*q = -2*m + 3040. List the prime factors of (m/(-32))/(-2*(-3)/(-36)).
3, 5, 19
Let r = 13085 + -3361. What are the prime factors of r?
2, 11, 13, 17
Let v = -26 - -10. Let c = -8 - v. List the prime factors of (-18)/24 + (542/c - -2).
3, 23
Let r(g) = 15*g + 7. Let l(d) = -14*d - 6. Let s(z) = -3*l(z) - 4*r(z). Let y be s(-5). List the prime factors of (28/(-10))/((-84)/y + 1).
2, 7
Let l(c) = -c**3 - 9*c**2 - 9*c - 7. Suppose 0 = -7*k + 6*k - 7. Let n(i) = i**2 + 6*i - 16. Let d be n(k). What are the prime factors of l(d)?
2, 37
Let j(n) = 27*n - 1. Let v be j(5). Let a be (-5 - -3)/((-16)/24) - 1. Suppose -a*d - v = -i - 55, 0 = -2*i + d + 149. What are the prime factors of i?
73
Let x(j) = 77*j - 256. Suppose -3*h = -28 - 2. What are the prime factors of x(h)?
2, 257
Let u(f) = 964*f - 2464. List the prime factors of u(41).
2, 5, 17, 109
Let k be (-4486)/(-14) - 18/42. Suppose k = 4*a - 2*j, 0*j + 80 = a - 2*j. Let u = a + -9. List the prime factors of u.
71
Suppose 93 = 3*x - 18. Suppose 33*h = x*h - 732. Let n = h - 64. What are the prime factors of n?
7, 17
Let d(h) = -7*h**2 - h - 4. Let t be d(5). Let u = 210 + t. What are the prime factors of u?
2, 13
Suppose -y + 14170 + 56540 = -5*w, w = -2*y + 141486. What are the prime factors of y?
2, 3, 5, 131
Let p(z) = 29*z**2 - 27*z + 139. Suppose 3*m + 42 = 6*a - 0*m, 2*a = 2*m + 14. What are the prime factors of p(a)?
3, 457
Let n be -2 + 8 + -3 + -1. What are the prime factors of 21/((-168)/(-752)) + -2 + n?
2, 47
What are the prime factors of -5 - ((-180)/(-23 + 3) - 34653/1)?
11, 47, 67
Suppose 0 = -56*b + 1380153 + 2751247. What are the prime factors of b?
5, 13, 227
Let q(a) = 530*a**3 + 8*a**2 - 5*a. Let b(y) = -2650*y**3 - 41*y**2 + 24*y + 1. Let v(o) = 2*b(o) + 11*q(o). List the prime factors of v(1).
3, 59
Suppose -16 = -261*q + 257*q. Suppose q*d + 4 = 3*y - 38, 32 = -2*d - 4*y. List the prime factors of 365/10 - d/8.
2, 19
Suppose 0 = -5*t + 2*h + 17388, 0*t = 5*t - h - 17394. List the prime factors of t.
2, 3, 5, 29
Suppose -27*g = -23*g + 400. Let m = g + 872. What are the prime factors of m?
2, 193
Let f be (1 - (-21)/(-9))*60/(-5). Suppose 0 = -f*l + 33*l - 11645. List the prime factors of l.
5, 137
Suppose 34824 = 3*y + 3*g, 4*g + 17290 + 29126 = 4*y. List the prime factors of y.
2, 7, 829
Let a = 814 + -826. What are the prime factors of (1630 - -3*a/(-18)) + 5?
1637
Let j(v) = -1556*v - 1813. List the prime factors of j(-10).
59, 233
List the prime factors of (-24)/348 + (-17233510)/(-406).
3, 14149
Let v = -3036 + 4304. Suppose 0 = 3*a - 5*h - 1270, 0*a = 3*a - 4*h - v. What are the prime factors of a?
2, 3, 5, 7
Let r(z) = 7*z**2 + 20*z + 567. List the prime factors of r(36).
3, 1151
Let m(u) = 4*u - 94. Let x be m(24). Suppose -l + 26 = 2*f, x*f = -2*l - 3*l + 122. List the prime factors of l.
2, 3
Suppose -2*h = -3*u - 25, u - 34 - 3 = -5*h. Let q(y) = 6*y**2 - 3*y**2 + 4*y**2 + y**3 + h + y + 0*y**2. What are the prime factors of q(-6)?
2, 19
Suppose -2*p = -5*w + 12974, 5*w - 2*w + 3*p - 7776 = 0. List the prime factors of w.
2, 1297
Let z(x) = 4257*x - 17631. List the prime factors of z(8).
3, 5, 73
Suppose -4*g + 0*g = -8. Suppose g*r - 4*k - 306 = 0, -r + 2*r = k + 155. List the prime factors of r.
157
Let k = 35 + -44. Let j = 16 + k. Suppose -849 - 222 = -j*z. List the prime factors of z.
3, 17
Let r be (-253)/(-77) + (-6)/21. Suppose -3*x - 2484 = -5*k, 17*k - 21*k + 1998 = r*x. List the prime factors of k.
2, 3, 83
Suppose -4*l - 2*k = l - 370, l - 2*k - 86 = 0. Let i = l - 71. Suppose -4*f = -i*t - 344, 4*f - 4*t - 344 = -0*f. What are the prime factors of f?
2, 43
Let h(v) = 502*v**2 - 494*v**2 - 8*v + 27*v - 7*v**3 - 6. List the prime factors of h(-5).
2, 487
Let g = -249 - -253. Suppose 5*p + g*p = 12528. What are the prime factors of p?
2, 3, 29
Let r(n) = 148*n + 541. What are the prime factors of r(8)?
3, 5, 23
Let y = 2364 + -1209. Suppose -4*v - 2*q = -924, -5*v + y = -3*q - 2*q. What are the prime factors of v?
3, 7, 11
Let x(y) = y**2 + 3*y - 26. Suppose 9*s = 81 - 27. List the prime factors of x(s).
2, 7
Suppose -q + v + 22471 = 0, 3*v = 4*q - 6912 - 82972. List the prime factors of q.
23, 977
Let q(l) = -l**3 - 60*l**2 - 31*l + 468. What are the prime factors of q(-60)?
2, 3, 97
List the prime factors of (-1019965)/(-411) - (-1)/3.
2, 17, 73
Let b(n) = 4*n**2 + 16*n + 6. Let x be b(-7). Suppose -9*z = -11*z - x. List the prime factors of -1 - (z + 4 - 1).
41
Let d = 1033 - 557. Suppose 4*l - d = 2112. What are the prime factors of l?
647
Suppose 0 = -c + 5*s + 23, 4*c = 6*c - 4*s - 22. Suppose 4*a + 4*k - c*k - 1714 = 0, -430 = -a - k. What are the prime factors of a?
2, 107
Let k(w) = -5*w**3 + 4*w**2 - 5*w + 4. Let p be k(2). Let x = p + 241. Let n = x + -99. List the prime factors of n.
2, 7
Suppose 20*h = -38 - 82. What are the prime factors of 1 + 310 + (3/(-1) - h)?
2, 157
Let u = 72 + -84. Let c = 40 + u. Suppose 2*p + 4*z - 8 - 2 = 0, 0 = -2*p + 2*z + c. List the prime factors of p.
11
Let g(l) = -l**3 - 50*l**2 + 147*l + 792. List the prime factors of g(-55).
2, 11, 89
Let u be 27164/6 - 3 - (-1)/(-3). Suppose 180*x - 176*x = u. What are the prime factors of x?
3, 13, 29
Let r = 45 - 44. Let u be 1/((-56)/48)*-140. What are the prime factors of ((-60)/(-25))/(r/u)?
2, 3
Suppose -2*q = -z - 12, -9*q + 6*q = z - 13. Suppose -3*o - 3*f = -285, 2*f = -q*o - 164 + 630. What are the prime factors of o?
2, 23
Suppose -1369581 - 1012403 = -202*a. What are the prime factors of a?
2, 11, 67
Let p = -9 - 26. Let q = p + 31. Let o(n) = -7*n - 2. List the prime factors of o(q).
2, 13
Let z(f) = f**2 + 9*f. Let o be z(-10). Let b(w) = o*w - 4 + 13 - 65. What are the prime factors of b(18)?
2, 31
Suppose -z + 51*x = 52*x - 12934, -z + 12916 = -5*x. List the prime factors of z.
67, 193
Let v be (-2)/(-3)*((-45780)/(-8))/7. Suppose 200 = -d + v. What are the prime factors of d?
3, 5, 23
Suppose 9*l - 5*l - 232 = 0. Suppose 59*m = l*m + 266. List the prime factors of m.
2, 7, 19
What are the prime factors of 14452/(-3)*(20 + (-2656)/128)?
3613
Suppose -b + 3*w - 84 = -4*b, 2*w = 3*b - 74. What are the prime factors of b/8 + -3 - 1171/(-4)?
293
What are the prime factors of (699/466)/(((-6)/(-8))/((-8079)/(-2)))?
3, 2693
Let k be 68*-1*(12 + -13). Let a be k + 0 + -1 + 1. Let z = a + 1. List the prime factors of z.
3, 23
Let k(o) = -13*o + 28. Let b(f) = -f**2 - 10*f + 1. Let v be b(-8). Suppose -h = -2*l - v, -4*l + 2*h = -h + 29. What are the prime factors of k(l)?
3, 19
Suppose -7*b - 262 = 487. Let o = -102 - b. Suppose -o*k + n + 871 = 0, -4*k + k - n = -529. What are the prime factors of k?
5, 7
Let i(d) = -600*d - 7512. List the prime factors of i(-13).
2, 3
Let f(m) = -m**3 - 2*m**2 + 4*m. Let v be f(3). Let s = -17 - v. List the prime factors of (-867)/(-12) - ((-12)/s + 0).
73
Suppose -6 = -3*h, -3*n + h + 23989 = -9174. List the prime factors of n.
3, 5, 11, 67
Let v(f) = -4*f**3 + 9*f**2 - 23*f + 13. Let i be v(7). Let u = -295 - i. List the prime factors of u.
2, 7
Let d be ((9 - 17) + 7)*1*-2. Suppose d*b = -3*x + 848, 5*x - 1716 = -4*b + 4*x. List the prime factors of b.
2, 5, 43
What are the prime factors of (3366/272)/(1/1592)?
3, 11, 199
Let a(s) = 24*s**3 + 19*s - 67. What are the prime factors of a(3)?
2, 11, 29
Let f(t) = -2661*t**3 - t**2 + t. Let d be f(1). Let q be (-4)/14 - (d/(-21) + -1). Let j = -54 - q. List the